{"id":643,"date":"2024-12-05T22:32:50","date_gmt":"2024-12-05T21:32:50","guid":{"rendered":"http:\/\/dan.studio.www624.your-server.de\/?page_id=643"},"modified":"2026-01-09T16:58:08","modified_gmt":"2026-01-09T15:58:08","slug":"kuechenplaner","status":"publish","type":"page","link":"https:\/\/dankuechenmondsee.at\/?page_id=643","title":{"rendered":"K\u00fcchenplaner"},"content":{"rendered":"\n\n  <div class=\"banner has-hover\" id=\"banner-208768684\">\n          <div class=\"banner-inner fill\">\n        <div class=\"banner-bg fill\" >\n                                                \n                    <\/div>\n\t\t\n        <div class=\"banner-layers container\">\n            <div class=\"fill banner-link\"><\/div>            \n\n   <div id=\"text-box-1297966839\" class=\"text-box banner-layer x50 md-x50 lg-x50 y70 md-y50 lg-y50 res-text\">\n                                <div class=\"text-box-content text dark\">\n              \n              <div class=\"text-inner text-center\">\n                  \n\n<h1 class=\"uppercase\" style=\"font-size: 2.9em; font-weight: bolder; margin-top: 1em;\">der K\u00fcchenplaner<\/h1>\n<p style=\"font-size: 1em; margin-top: 1em; margin-bottom: 1em;\">5 Fragen. Der Start einer perfekten Beratung.<\/p>\n\n              <\/div>\n           <\/div>\n                            \n<style>\n#text-box-1297966839 {\n  width: 93%;\n}\n#text-box-1297966839 .text-box-content {\n  font-size: 100%;\n}\n@media (min-width:550px) {\n  #text-box-1297966839 {\n    width: 91%;\n  }\n}\n<\/style>\n    <\/div>\n \n\n        <\/div>\n      <\/div>\n\n            \n<style>\n#banner-208768684 {\n  padding-top: 409px;\n  background-color: #872225;\n}\n@media (min-width:550px) {\n  #banner-208768684 {\n    padding-top: 511px;\n  }\n}\n<\/style>\n  <\/div>\n\n\n\t<div id=\"gap-1825064301\" class=\"gap-element clearfix\" style=\"display:block; height:auto;\">\n\t\t\n<style>\n#gap-1825064301 {\n  padding-top: 30px;\n}\n<\/style>\n\t<\/div>\n\t\n\n<div class=\"row\"  id=\"row-1901741508\">\n\n\n\t<div id=\"col-628349749\" class=\"col medium-9 small-12 large-9\"  >\n\t\t\t\t<div class=\"col-inner\"  >\n\t\t\t\n\t\t\t\n\n\n<div class=\"wpcf7 no-js\" id=\"wpcf7-f647-o1\" lang=\"de-DE\" dir=\"ltr\" data-wpcf7-id=\"647\">\n<div class=\"screen-reader-response\"><p role=\"status\" aria-live=\"polite\" aria-atomic=\"true\"><\/p> <ul><\/ul><\/div>\n<form action=\"\/index.php?rest_route=%2Fwp%2Fv2%2Fpages%2F643#wpcf7-f647-o1\" method=\"post\" class=\"wpcf7-form init\" aria-label=\"Kontaktformular\" novalidate=\"novalidate\" data-status=\"init\">\n<fieldset class=\"hidden-fields-container\"><input type=\"hidden\" name=\"_wpcf7\" value=\"647\" \/><input type=\"hidden\" name=\"_wpcf7_version\" value=\"6.1.5\" \/><input type=\"hidden\" name=\"_wpcf7_locale\" value=\"de_DE\" \/><input type=\"hidden\" name=\"_wpcf7_unit_tag\" value=\"wpcf7-f647-o1\" \/><input type=\"hidden\" name=\"_wpcf7_container_post\" value=\"0\" \/><input type=\"hidden\" name=\"_wpcf7_posted_data_hash\" value=\"\" \/>\n<\/fieldset>\n<p><label><\/label>\n<\/p>\n<h3>Form der K\u00fcche?\n<\/h3>\n<p><img loading=\"lazy\" decoding=\"async\" width=\"800\" height=\"240\" class=\"alignnone size-medium wp-image-711\" src=\"http:\/\/dan.studio.www624.your-server.de\/wp-content\/uploads\/2024\/12\/DKP-Kuechenform-1-800x240.jpg\" alt=\"\"< srcset=\"https:\/\/dankuechenmondsee.at\/wp-content\/uploads\/2024\/12\/DKP-Kuechenform-1-800x240.jpg 800w, https:\/\/dankuechenmondsee.at\/wp-content\/uploads\/2024\/12\/DKP-Kuechenform-1-768x230.jpg 768w, https:\/\/dankuechenmondsee.at\/wp-content\/uploads\/2024\/12\/DKP-Kuechenform-1.jpg 1200w\" sizes=\"auto, (max-width: 800px) 100vw, 800px\" \/><br \/>\n<span class=\"wpcf7-form-control-wrap\" data-name=\"checkbox-453\"><span class=\"wpcf7-form-control wpcf7-checkbox\"><span class=\"wpcf7-list-item first\"><label><input type=\"checkbox\" name=\"checkbox-453[]\" value=\"K\u00fcchenzeile\" \/><span class=\"wpcf7-list-item-label\">K\u00fcchenzeile<\/span><\/label><\/span><span class=\"wpcf7-list-item\"><label><input type=\"checkbox\" name=\"checkbox-453[]\" value=\"L-Form\" \/><span class=\"wpcf7-list-item-label\">L-Form<\/span><\/label><\/span><span class=\"wpcf7-list-item\"><label><input type=\"checkbox\" name=\"checkbox-453[]\" value=\"U-Form\" \/><span class=\"wpcf7-list-item-label\">U-Form<\/span><\/label><\/span><span class=\"wpcf7-list-item last\"><label><input type=\"checkbox\" name=\"checkbox-453[]\" value=\"Freistehende Insel\" \/><span class=\"wpcf7-list-item-label\">Freistehende Insel<\/span><\/label><\/span><\/span><\/span>\n<\/p>\n<p><label><\/label>\n<\/p>\n<h3>Grifflos oder mit Griffen?\n<\/h3>\n<p><img loading=\"lazy\" decoding=\"async\" class=\"alignnone size-medium wp-image-712\" src=\"http:\/\/dan.studio.www624.your-server.de\/wp-content\/uploads\/2024\/12\/DKP-Griffe-800x240.jpg\" alt=\"\" width=\"800\" height=\"240\" srcset=\"https:\/\/dankuechenmondsee.at\/wp-content\/uploads\/2024\/12\/DKP-Griffe-800x240.jpg 800w, https:\/\/dankuechenmondsee.at\/wp-content\/uploads\/2024\/12\/DKP-Griffe-768x230.jpg 768w, https:\/\/dankuechenmondsee.at\/wp-content\/uploads\/2024\/12\/DKP-Griffe.jpg 1200w\" sizes=\"auto, (max-width: 800px) 100vw, 800px\" \/><br \/>\n<span class=\"wpcf7-form-control-wrap\" data-name=\"checkbox-454\"><span class=\"wpcf7-form-control wpcf7-checkbox\"><span class=\"wpcf7-list-item first\"><label><input type=\"checkbox\" name=\"checkbox-454[]\" value=\"Grifflos\" \/><span class=\"wpcf7-list-item-label\">Grifflos<\/span><\/label><\/span><span class=\"wpcf7-list-item\"><label><input type=\"checkbox\" name=\"checkbox-454[]\" value=\"Mit Griffen\" \/><span class=\"wpcf7-list-item-label\">Mit Griffen<\/span><\/label><\/span><span class=\"wpcf7-list-item last\"><label><input type=\"checkbox\" name=\"checkbox-454[]\" value=\"Wei\u00df noch nicht\" \/><span class=\"wpcf7-list-item-label\">Wei\u00df noch nicht<\/span><\/label><\/span><\/span><\/span>\n<\/p>\n<p><label><\/label>\n<\/p>\n<h3>Dekor der K\u00fcchenfronten?\n<\/h3>\n<p><img loading=\"lazy\" decoding=\"async\" class=\"alignnone size-medium wp-image-713\" src=\"http:\/\/dan.studio.www624.your-server.de\/wp-content\/uploads\/2024\/12\/DKP-Dekor-800x240.jpg\" alt=\"\" width=\"800\" height=\"240\" srcset=\"https:\/\/dankuechenmondsee.at\/wp-content\/uploads\/2024\/12\/DKP-Dekor-800x240.jpg 800w, https:\/\/dankuechenmondsee.at\/wp-content\/uploads\/2024\/12\/DKP-Dekor-768x230.jpg 768w, https:\/\/dankuechenmondsee.at\/wp-content\/uploads\/2024\/12\/DKP-Dekor.jpg 1200w\" sizes=\"auto, (max-width: 800px) 100vw, 800px\" \/><br \/>\n<span class=\"wpcf7-form-control-wrap\" data-name=\"checkbox-455\"><span class=\"wpcf7-form-control wpcf7-checkbox\"><span class=\"wpcf7-list-item first\"><label><input type=\"checkbox\" name=\"checkbox-455[]\" value=\"Hochglanz\" \/><span class=\"wpcf7-list-item-label\">Hochglanz<\/span><\/label><\/span><span class=\"wpcf7-list-item\"><label><input type=\"checkbox\" name=\"checkbox-455[]\" value=\"Matt\" \/><span class=\"wpcf7-list-item-label\">Matt<\/span><\/label><\/span><span class=\"wpcf7-list-item\"><label><input type=\"checkbox\" name=\"checkbox-455[]\" value=\"Dekor\" \/><span class=\"wpcf7-list-item-label\">Dekor<\/span><\/label><\/span><span class=\"wpcf7-list-item last\"><label><input type=\"checkbox\" name=\"checkbox-455[]\" value=\"Wei\u00df noch nicht\" \/><span class=\"wpcf7-list-item-label\">Wei\u00df noch nicht<\/span><\/label><\/span><\/span><\/span>\n<\/p>\n<p><label><\/label>\n<\/p>\n<h3>Verf\u00fcgbares Budget?\n<\/h3>\n<p><img loading=\"lazy\" decoding=\"async\" class=\"alignnone size-medium wp-image-714\" src=\"http:\/\/dan.studio.www624.your-server.de\/wp-content\/uploads\/2024\/12\/DKP-Budget-800x240.jpg\" alt=\"\" width=\"800\" height=\"240\" srcset=\"https:\/\/dankuechenmondsee.at\/wp-content\/uploads\/2024\/12\/DKP-Budget-800x240.jpg 800w, https:\/\/dankuechenmondsee.at\/wp-content\/uploads\/2024\/12\/DKP-Budget-768x230.jpg 768w, https:\/\/dankuechenmondsee.at\/wp-content\/uploads\/2024\/12\/DKP-Budget.jpg 1200w\" sizes=\"auto, (max-width: 800px) 100vw, 800px\" \/><br \/>\n<span class=\"wpcf7-form-control-wrap\" data-name=\"Budget\"><span class=\"wpcf7-form-control wpcf7-checkbox\"><span class=\"wpcf7-list-item first\"><label><input type=\"checkbox\" name=\"Budget[]\" value=\"7.000-12.000 EUR\" \/><span class=\"wpcf7-list-item-label\">7.000-12.000 EUR<\/span><\/label><\/span><span class=\"wpcf7-list-item\"><label><input type=\"checkbox\" name=\"Budget[]\" value=\"12.000-18.000 EUR\" \/><span class=\"wpcf7-list-item-label\">12.000-18.000 EUR<\/span><\/label><\/span><span class=\"wpcf7-list-item\"><label><input type=\"checkbox\" name=\"Budget[]\" value=\"18.000-25.000 EUR\" \/><span class=\"wpcf7-list-item-label\">18.000-25.000 EUR<\/span><\/label><\/span><span class=\"wpcf7-list-item last\"><label><input type=\"checkbox\" name=\"Budget[]\" value=\"\u00dcber 25.000 EUR\" \/><span class=\"wpcf7-list-item-label\">\u00dcber 25.000 EUR<\/span><\/label><\/span><\/span><\/span>\n<\/p>\n<p><label><\/label>\n<\/p>\n<h3>Montagetermin?\n<\/h3>\n<p><span class=\"wpcf7-form-control-wrap\" data-name=\"Zeitraum\"><span class=\"wpcf7-form-control wpcf7-checkbox\"><span class=\"wpcf7-list-item first\"><label><input type=\"checkbox\" name=\"Zeitraum[]\" value=\"N\u00e4chstes Monat\" \/><span class=\"wpcf7-list-item-label\">N\u00e4chstes Monat<\/span><\/label><\/span><span class=\"wpcf7-list-item\"><label><input type=\"checkbox\" name=\"Zeitraum[]\" value=\"In 2-4 Monaten\" \/><span class=\"wpcf7-list-item-label\">In 2-4 Monaten<\/span><\/label><\/span><span class=\"wpcf7-list-item\"><label><input type=\"checkbox\" name=\"Zeitraum[]\" value=\"4-6 Monate\" \/><span class=\"wpcf7-list-item-label\">4-6 Monate<\/span><\/label><\/span><span class=\"wpcf7-list-item last\"><label><input type=\"checkbox\" name=\"Zeitraum[]\" value=\"Sp\u00e4ter als 6 Monate\" \/><span class=\"wpcf7-list-item-label\">Sp\u00e4ter als 6 Monate<\/span><\/label><\/span><\/span><\/span>\n<\/p>\n<p><label>Willst Du uns noch was mitteilen?<br \/>\n<span class=\"wpcf7-form-control-wrap\" data-name=\"your-message\"><textarea cols=\"40\" rows=\"10\" maxlength=\"2000\" class=\"wpcf7-form-control wpcf7-textarea\" aria-invalid=\"false\" name=\"your-message\"><\/textarea><\/span><br \/>\n<\/label>\n<\/p>\n<p><label>Dein Name (Pflichtfeld)<br \/>\n<span class=\"wpcf7-form-control-wrap\" data-name=\"your-name\"><input size=\"40\" maxlength=\"400\" class=\"wpcf7-form-control wpcf7-text wpcf7-validates-as-required\" aria-required=\"true\" aria-invalid=\"false\" value=\"\" type=\"text\" name=\"your-name\" \/><\/span><br \/>\n<\/label>\n<\/p>\n<p><label>Deine E-Mail Adresse (Pflichtfeld)<br \/>\n<span class=\"wpcf7-form-control-wrap\" data-name=\"your-email\"><input size=\"40\" maxlength=\"400\" class=\"wpcf7-form-control wpcf7-email wpcf7-validates-as-required wpcf7-text wpcf7-validates-as-email\" aria-required=\"true\" aria-invalid=\"false\" value=\"\" type=\"email\" name=\"your-email\" \/><\/span><br \/>\n<\/label>\n<\/p>\n<p><label>Dein Telefon (Pflichtfeld)<br \/>\n<span class=\"wpcf7-form-control-wrap\" data-name=\"tel-624\"><input size=\"40\" maxlength=\"400\" class=\"wpcf7-form-control wpcf7-tel wpcf7-validates-as-required wpcf7-text wpcf7-validates-as-tel\" aria-required=\"true\" aria-invalid=\"false\" value=\"\" type=\"tel\" name=\"tel-624\" \/><\/span><br \/>\n<\/label>\n<\/p>\n<p><label>Deine Postleitzahl (Pflichtfeld)<br \/>\n<span class=\"wpcf7-form-control-wrap\" data-name=\"number-640\"><input class=\"wpcf7-form-control wpcf7-number wpcf7-validates-as-required wpcf7-validates-as-number\" aria-required=\"true\" aria-invalid=\"false\" value=\"\" type=\"number\" name=\"number-640\" \/><\/span><br \/>\n<\/label>\n<\/p>\n<p><label><\/label><br \/>\n<input class=\"wpcf7-form-control wpcf7-submit has-spinner button\" type=\"submit\" value=\"Email absenden\" \/>\n<\/p>\n<p><input type=\"hidden\" name=\"contact_form_7_recaptcha\" value=\"g-recaptcha-NkWAtGqIMNFFvo2\" class=\"g-recaptcha-explicit-id\"><div id=\"g-recaptcha-NkWAtGqIMNFFvo2\"><\/div><span class=\"wpcf7-form-control-wrap g-recaptcha-explicit\" data-sitekey=\"6LfszdMqAAAAAHzxFdMrGl1BY8WqaXZJTrWpdrSb\"><\/span>\n<\/p><div class=\"wpcf7-response-output\" aria-hidden=\"true\"><\/div>\n<\/form>\n<\/div>\n\n\n<p><span style=\"font-size: 80%\">Ich gebe hiermit mein Einverst\u00e4ndnis, dass meine oben angegeben Daten f\u00fcr den Zweck der Kontaktaufnahme von DAN K\u00fcchen verarbeitet sowie an das von mir ausgew\u00e4hlte K\u00fcchenstudio weitergegeben werden und mir beide Unternehmen telefonisch oder via E-Mail weitere Informationen und Angebote zur Verf\u00fcgung stellen. Weitere Informationen zur Verwendung meiner Daten finde ich in Punkt 3.2.1. der Datenschutzerkl\u00e4rung.<\/span><\/p>\n\n\t\t<\/div>\n\t\t\t\t\t<\/div>\n\n\t\n\n\t<div id=\"col-39179358\" class=\"col medium-3 small-12 large-3\"  >\n\t\t\t\t<div class=\"col-inner\"  >\n\t\t\t\n\t\t\t\n\n\n\t\t<\/div>\n\t\t\t\t\t<\/div>\n\n\t\n\n<\/div>\n\n","protected":false},"excerpt":{"rendered":"","protected":false},"author":1,"featured_media":0,"parent":0,"menu_order":0,"comment_status":"closed","ping_status":"closed","template":"page-transparent-header.php","meta":{"footnotes":""},"class_list":["post-643","page","type-page","status-publish","hentry"],"_links":{"self":[{"href":"https:\/\/dankuechenmondsee.at\/index.php?rest_route=\/wp\/v2\/pages\/643","targetHints":{"allow":["GET"]}}],"collection":[{"href":"https:\/\/dankuechenmondsee.at\/index.php?rest_route=\/wp\/v2\/pages"}],"about":[{"href":"https:\/\/dankuechenmondsee.at\/index.php?rest_route=\/wp\/v2\/types\/page"}],"author":[{"embeddable":true,"href":"https:\/\/dankuechenmondsee.at\/index.php?rest_route=\/wp\/v2\/users\/1"}],"replies":[{"embeddable":true,"href":"https:\/\/dankuechenmondsee.at\/index.php?rest_route=%2Fwp%2Fv2%2Fcomments&post=643"}],"version-history":[{"count":7,"href":"https:\/\/dankuechenmondsee.at\/index.php?rest_route=\/wp\/v2\/pages\/643\/revisions"}],"predecessor-version":[{"id":4564,"href":"https:\/\/dankuechenmondsee.at\/index.php?rest_route=\/wp\/v2\/pages\/643\/revisions\/4564"}],"wp:attachment":[{"href":"https:\/\/dankuechenmondsee.at\/index.php?rest_route=%2Fwp%2Fv2%2Fmedia&parent=643"}],"curies":[{"name":"wp","href":"https:\/\/api.w.org\/{rel}","templated":true}]}}